
Does 16 divide 25350?
False
Does 30 divide 2610?
True
Is 14 a factor of 1815?
False
Is 54 a factor of 4039?
False
Is 5 a factor of 260?
True
Is 5 a factor of 1145?
True
Does 70 divide 10540?
False
Is 24750 a multiple of 36?
False
Is 12053 a multiple of 41?
False
Is 1539 a multiple of 9?
True
Is 7071 a multiple of 152?
False
Is 4277 a multiple of 13?
True
Is 208 a multiple of 13?
True
Is 80 a multiple of 40?
True
Is 15 a factor of 810?
True
Does 10 divide 1382?
False
Is 6345 a multiple of 9?
True
Is 55088 a multiple of 22?
True
Is 25 a factor of 237?
False
Is 36226 a multiple of 6?
False
Is 12 a factor of 12060?
True
Is 279 a multiple of 18?
False
Does 46 divide 138?
True
Does 35 divide 6670?
False
Is 1183 even?
False
Does 2 divide 121?
False
Is 35 a factor of 13825?
True
Is 58 a factor of 3472?
False
Does 51 divide 4065?
False
Does 11 divide 258?
False
Is 20 a factor of 3521?
False
Is 10 a factor of 100?
True
Is 92641 a multiple of 37?
False
Is 408 a multiple of 17?
True
Is 52432 a multiple of 232?
True
Does 11 divide 2859?
False
Does 16 divide 5360?
True
Is 10 a factor of 1670?
True
Is 70 a multiple of 70?
True
Is 55 a multiple of 5?
True
Is 5 a factor of 324?
False
Is 94 a multiple of 8?
False
Does 20 divide 16560?
True
Is 21 a factor of 32424?
True
Is 103 a multiple of 63?
False
Is 15 a factor of 1814?
False
Does 17 divide 896?
False
Is 8801 a multiple of 20?
False
Is 1414 a multiple of 7?
True
Is 39 a factor of 16972?
False
Is 12 a factor of 1800?
True
Is 31 a factor of 806?
True
Is 553 a multiple of 79?
True
Does 14 divide 602?
True
Does 51 divide 5927?
False
Does 289 divide 73695?
True
Does 67 divide 6499?
True
Is 8869 a multiple of 24?
False
Does 48 divide 4944?
True
Does 8 divide 6114?
False
Is 67 a factor of 1417?
False
Is 208 a multiple of 20?
False
Is 3 a factor of 863?
False
Is 2 a factor of 475?
False
Is 535 a multiple of 3?
False
Is 23898 a multiple of 12?
False
Is 36 a factor of 288?
True
Is 36716 a multiple of 134?
True
Does 33 divide 9113?
False
Is 3231 a multiple of 115?
False
Does 27 divide 918?
True
Is 85224 a multiple of 299?
False
Is 6 a factor of 718?
False
Does 43 divide 6665?
True
Is 32 even?
True
Is 3 a factor of 38?
False
Is 105 a factor of 4620?
True
Is 14450 a multiple of 85?
True
Is 34545 a multiple of 141?
True
Is 7223 a multiple of 5?
False
Is 151 a multiple of 14?
False
Does 35 divide 1960?
True
Is 16 a factor of 274?
False
Is 14 a factor of 280?
True
Does 3 divide 66?
True
Does 144 divide 65733?
False
Is 82 a factor of 5163?
False
Is 40 a factor of 837?
False
Is 3 a factor of 1470?
True
Is 15 a factor of 2370?
True
Is 492 a factor of 27060?
True
Is 5 a factor of 1530?
True
Is 250 a factor of 13500?
True
Does 26 divide 2135?
False
Is 11 a factor of 191?
False
Is 8016 a multiple of 3?
True
Is 11310 a multiple of 130?
True
Is 52 a factor of 27379?
False
Does 17 divide 2601?
True
Is 5852 a multiple of 76?
True
Is 14 a factor of 6132?
True
Does 41 divide 320?
False
Does 104 divide 369?
False
Does 106 divide 37948?
True
Does 26 divide 208?
True
Is 720 a multiple of 16?
True
Is 63 a factor of 2394?
True
Is 14 a factor of 20065?
False
Does 15 divide 19110?
True
Does 17 divide 17187?
True
Is 521 a multiple of 45?
False
Does 15 divide 137?
False
Is 32772 a multiple of 77?
False
Does 6 divide 13650?
True
Does 3 divide 249?
True
Is 30 a factor of 630?
True
Is 15 a factor of 195?
True
Is 158 a multiple of 5?
False
Does 108 divide 11232?
True
Does 6 divide 308?
False
Is 4004 a multiple of 77?
True
Does 45 divide 17124?
False
Is 75 a factor of 9860?
False
Does 282 divide 71084?
False
Is 1336 a multiple of 48?
False
Does 12 divide 36?
True
Does 51 divide 43605?
True
Does 21 divide 17934?
True
Is 55 a factor of 27856?
False
Does 17 divide 2924?
True
Does 16 divide 3176?
False
Does 24 divide 25488?
True
Does 15 divide 629?
False
Is 1302 a multiple of 14?
True
Is 22 a factor of 13992?
True
Does 33 divide 627?
True
Is 152 a multiple of 15?
False
Does 2 divide 2380?
True
Is 5692 a multiple of 5?
False
Is 38220 a multiple of 13?
True
Is 17 a factor of 731?
True
Is 23039 a multiple of 17?
False
Is 20 a factor of 480?
True
Is 63042 a multiple of 59?
False
Is 3669 a multiple of 88?
False
Is 25 a factor of 1594?
False
Is 948 a multiple of 4?
True
Does 55 divide 3410?
True
Is 10 a factor of 2715?
False
Is 23 a factor of 1058?
True
Does 23 divide 38272?
True
Is 7432 a multiple of 33?
False
Does 56 divide 95032?
True
Does 15 divide 69735?
True
Is 557 even?
False
Is 172 a factor of 22879?
False
Is 61 a factor of 2379?
True
Does 24 divide 20156?
False
Is 59722 a multiple of 25?
False
Does 25 divide 29150?
True
Is 35 a factor of 34326?
False
Is 650 a multiple of 2?
True
Does 8 divide 23728?
True
Is 199 a multiple of 10?
False
Is 2558 a multiple of 23?
False
Is 29 a multiple of 2?
False
Does 15 divide 8003?
False
Is 223 a multiple of 19?
False
Does 7 divide 362?
False
Is 129 a multiple of 9?
False
Does 25 divide 4425?
True
Is 14 a factor of 17848?
False
Does 20 divide 1785?
False
Is 4777 a multiple of 128?
False
Is 67402 a multiple of 187?
False
Is 1821 a multiple of 68?
False
Is 19 a factor of 361?
True
Does 24 divide 2808?
True
Is 242 a factor of 24926?
True
Is 751 a multiple of 4?
False
Does 3 divide 467?
False
Is 2 a factor of 8157?
False
Does 48 divide 720?
True
Is 5101 a multiple of 12?
False
Does 8 divide 1810?
False
Does 2 divide 21632?
True
Is 2727 a multiple of 144?
False
Is 9 a factor of 44208?
True
Is 69 a factor of 35259?
True
Does 126 divide 16632?
True
Is 24 a factor of 14592?
True
Is 56 a factor of 4480?
True
Does 14 divide 23744?
True
Does 9 divide 4842?
True
Does 21 divide 7392?
True
Is 2204 a multiple of 19?
True
Does 46 divide 1702?
True
Is 7 a factor of 1064?
True
Is 23 a factor of 914?
False
Is 16 a factor of 9934?
False
Does 111 divide 1443?
True
Is 3831 a multiple of 72?
False
Is 1567 a multiple of 14?
False
Does 4 divide 104?
True
Is 27118 a multiple of 182?
True
Does 4 divide 3248?
True
Does 81 divide 243?
True
Is 2257 a multiple of 61?
True
Is 11 a factor of 3190?
True
Is 2083 a multiple of 54?
False
Is 27712 a multiple of 29?
False
Does 77 divide 9856?
True
Does 9 divide 819?
True
Does 17 divide 3366?
True
Is 10 a factor of 4043?
False
Does 16 divide 660?
False
Is 11 a factor of 330?
True
Is 4895 a multiple of 5?
True
Does 14 divide 2495?
False
Does 126 divide 4387?
False
Is 7 a factor of 507?
False
Is 1605 a multiple of 15?
True
Is 9 a factor of 2241?
True
Is 4410 a multiple of 90?
True
Is 7 a factor of 353?
False
Does 25 divide 550?
True
Is 17 a factor of 4590?
True
Is 21 a factor of 1932?
True
Does 42 divide 17430?
True
Does 61 divide 3721?
True
Is 13 a factor of 2339?
False
Is 87 a factor of 174?
True
Is 10 a factor of 6200?
True
Is 2054 a multiple of 7?
False
Does 12 divide 5940?
True
Does 2 divide 445?
False
Does 16 divide 19200?
True
Is 5024 a multiple of 16?
True
Does 5 divide 728?
False
Does 90 divide 2491?
False
Is 15 a factor of 1006?
False
Is 5 a factor of 298?
False
Is 5 a factor of 1410?
True
Is 43933 a multiple of 61?
False
Does 21 divide 4791?
False
Does 37 divide 239?
False
Does 17 divide 68?
True
Does 53 divide 3498?
True
Is 9674 a multiple of 38?
False
Does 25 divide 175?
True
Is 29 a factor of 9896?
False
Is 33 a factor of 32326?
False
Does 9 divide 26851?
False
Does 6 divide 7242?
True
Is 17 a factor of 7140?
True
Does 48 divide 2792?
False
Does 67 divide 26666?
True
Does 23 divide 3396?
False
Is 49 a factor of 9324?
False
Is 78 a factor of 67057?
False
Does 75 divide 5832?
False
Is 29 a factor of 4872?
True
Is 1004 a multiple of 16?
False
Is 5196 a multiple of 93?
False
Is 2550 a multiple of 30?
True
Is 5 a factor of 11540?
True
Is 2 a factor of 204?
True
Does 7 divide 672?
True
Is 41 a multiple of 16?
False
Is 12403 a multiple of 9?
False
Is 149 a factor of 139315?
True
Is 29 a factor of 94134?
True
Is 12210 a multiple of 111?
True
Does 185 divide 4835?
False
Does 37 divide 3441?
True
Is 229 a multiple of 7?
False
Is 913 a multiple of 11?
True
Does 35 divide 5355?
True
Is 8066 a multiple of 27?
False
Does 4 divide 276?
True
Does 58 divide 1274?
False
Is 110137 a multiple of 457?
True
Is 16 a factor of 10836?
False
Does 25 divide 7450?
True
Is 7 a factor of 4466?
True
Is 1330 a multiple 